
61
Suppose -b = -3*b + 18. Let i = 402 - 371. Calculate the remainder when i is divided by b.
4
Suppose -14*o = -12*o - 28. Calculate the remainder when (43/2)/(o/28) is divided by 22.
21
Let k = -156 + 314. Let n = k - 46. Suppose i + 2*z = 4*z + n, 5*z = 5*i - 555. Calculate the remainder when i is divided by 28.
26
Let z = 140 - -243. Calculate the remainder when z is divided by 64.
63
Let a be (2 + 7)/(18/12). Suppose -2*i = -4*h + a, 13 = 2*h - 3*i + 4*i. Calculate the remainder when 9 is divided by h.
1
Let a = -19 + 47. Let r(l) = 11*l - 10. Let y(u) = -23*u + 21. Let t(q) = 5*r(q) + 2*y(q). Calculate the remainder when t(10) is divided by a.
26
Suppose 4*g = 18 + 30. Let t(k) = k**2 + 33. Let b = 8 + -8. What is the remainder when t(b) is divided by g?
9
Let q = 127 + -27. What is the remainder when (6/15)/(4/q) is divided by 6?
4
Suppose 2 + 6 = -i - 5*b, 5*i + 3*b = 48. What is the remainder when 19 is divided by i?
7
Suppose 10*d = 11*d - 62. Calculate the remainder when d is divided by 34.
28
Let k = 0 + 3. Suppose 5*m + 1 = 4*o - 16, k*o + m = 27. Suppose -5*i + 14 = y, i - 4*y - o = y. What is the remainder when 11 is divided by i?
2
Suppose 4*j + 3*g = -0 + 3, 4*j + 3 = -5*g. Suppose -5*c = -15, -l + 359 = j*l + 5*c. What is the remainder when l is divided by 45?
41
Suppose 0 = -32*r + 754 - 114. Calculate the remainder when 119 is divided by r.
19
Let o(s) = 3*s**2 + 13*s + 140. What is the remainder when o(-12) is divided by 15?
11
Let r(f) = f - 10. Let v be r(15). Let z be v + -2 - (3 + -5). Suppose -z*x - 2*t = -3*t - 155, 4*x + 3*t = 143. What is the remainder when x is divided by 9?
5
Let y(r) = -r**3 - 25*r**2 + 24*r - 9. Let d = -29 + 3. Calculate the remainder when y(d) is divided by 25.
18
Calculate the remainder when (-52)/(-10)*3/((-3)/(-10)) is divided by 22.
8
Let d(u) be the second derivative of -4*u**3/3 - 10*u**2 - 7*u. Suppose -78 = -2*v + 3*j, 0*j = -3*j + 12. What is the remainder when v is divided by d(-4)?
9
Suppose 0 = 7*t + 2*t - 72. Suppose -r + t = d + 4*r, 0 = -2*d - 5*r + 21. What is the remainder when -3*(-11)/(-6)*-4 is divided by d?
9
What is the remainder when 38 is divided by 178/14 - (-74)/259?
12
Let u = 698 - 667. Calculate the remainder when 60 is divided by u.
29
Let i(g) = g**3 + 24*g**2 - 28*g + 36. Calculate the remainder when i(-25) is divided by 0 - (-14 + -1) - -1.
15
Suppose 0 = 3*b + 20*g - 23*g, 0 = b + 5*g - 24. Suppose -2*q - 6 = -5*q. Calculate the remainder when b is divided by q.
0
What is the remainder when (-2 + -79)/(-1) - (-4 + 1) is divided by 17?
16
Let k(y) = 3*y**2 - 9*y + 8. What is the remainder when 55 is divided by k(4)?
15
Suppose 2*r = -4*b + 1976, 4*b = r + 1818 + 158. Calculate the remainder when b is divided by 4.
2
Suppose 2*d = 3*y - 0*d - 5, -y - d + 5 = 0. Let g = -20 + 54. Suppose -y*m = -2*m - g. Calculate the remainder when m is divided by 19.
15
Let n = 1 + 4. Suppose -6 = -c - 2, -n*g + 4*c = -14. Let b = -9 + 13. What is the remainder when g is divided by b?
2
Let w(m) = 5*m**2 - 30*m - 77. Calculate the remainder when 327 is divided by w(-3).
37
Let v be (-102)/(-15) - 2/(-10). Suppose -v*s = -3*s - 100. Let y(n) = -n**3 + 9*n**2 - 7*n + 5. Calculate the remainder when s is divided by y(8).
12
Let v be (3 - 3)*(-5)/10. Suppose 52 = x + 3*x + l, v = 5*x + 2*l - 65. Suppose 5*f - 10 = 15. Calculate the remainder when x is divided by f.
3
Suppose z = v + 5*z - 66, -3*v - 3*z = -162. What is the remainder when 102 is divided by v?
2
Let o be 95/15 + (-2)/(-3). Suppose -u + o + 0 = 0. What is the remainder when 1/(-2)*(-40)/(-15)*-15 is divided by u?
6
Suppose w + 9 = 3*v, w + 2*v - 23 = -4*w. Suppose -263 = -w*g + 13. Calculate the remainder when g is divided by 19.
16
Suppose -u - 3 = -2*u. Suppose -u = 2*s - 17. Calculate the remainder when s is divided by 5.
2
Suppose 2*b + 43 = 3*w, w + 4 = -5*b - 10. Let h = -2002 + 2033. What is the remainder when h is divided by w?
9
Suppose -2*q = 4*t + 134, -2*q = 2*q - 3*t + 257. Let n be 2/(-3) - (528/9)/2. Let y = n - q. Calculate the remainder when y is divided by 12.
11
Suppose 2*b + 2*c - 7 = -1, b - 15 = 5*c. Suppose -4*s - s + 5*l + b = 0, -49 = -4*s - 5*l. What is the remainder when 13 is divided by s?
1
Let w = 16 - 7. Let d = w - -19. Suppose 2*z + 20 = 2*o, -3*o - d = -6*o + 4*z. Calculate the remainder when 32 is divided by o.
8
Suppose -4*o + 116 = 2*w - 346, 0 = 4*o - 16. What is the remainder when w is divided by (0 + -1)/((-5)/125)?
23
Let s(g) = g**2 - 4*g + 2. Let v be s(7). Let f = -21 + v. What is the remainder when 81 is divided by 21/1 + -2 + f?
18
Let m be (-132)/(-36)*(0 - (0 - 6)). Let f = m + -4. Let o(v) = 21*v**2 + 2*v - 1. What is the remainder when o(2) is divided by f?
15
Let t(c) = 2*c**2 - 2*c + 4. Let q be ((-24)/(-20))/((-3)/(-10)). Suppose -q*o + 10 = x, o + 2*o = -4*x + 1. What is the remainder when 59 is divided by t(o)?
11
Let h = -168 - -644. Calculate the remainder when h is divided by 60.
56
Suppose 54*j + 5*w = 50*j + 285, 3*j + 4*w = 213. What is the remainder when j is divided by 28?
19
Suppose n - 3*r = -n + 8, 3*n = r + 12. Suppose -8*d = -n - 100. What is the remainder when d is divided by 5?
3
Suppose 184 = 7*l - 82. What is the remainder when l is divided by 13?
12
Let f be (-2)/(-5) + 7/(-5). Calculate the remainder when 1/2*-98*f is divided by 13.
10
Let x be (-2 + 0 - 4/(-12))*-3. Suppose -w + i + 2 = 0, -2 = 3*w - 0*i + x*i. What is the remainder when 1 is divided by w?
0
Suppose -c - 5*d = 0, -3*c + 2*d + 0*d = 34. Let a = 23 + c. Suppose o = m - a, -2*o = -2*m + 7*m - 79. What is the remainder when 59 is divided by m?
14
Suppose 30*t - 28*t - 246 = 0. Calculate the remainder when t is divided by 62.
61
Let z = 1881 - 1820. What is the remainder when 161 is divided by z?
39
Let l(h) = 10 + 7*h + 6*h - 14*h. What is the remainder when l(-6) is divided by 10?
6
Suppose -4*f = -5 - 71. What is the remainder when 67 is divided by f?
10
Suppose 5*o + 3*m - 619 = 0, o = 2*o - m - 119. What is the remainder when o is divided by 22?
12
Suppose 9*l - 97 - 119 = 0. What is the remainder when 646 is divided by l?
22
Suppose -28 = -3*g + 23. Let x = g - 14. Suppose 9 + 2 = l + x*a, 0 = l - 2*a - 1. What is the remainder when 17 is divided by l?
2
Suppose 0 = 2*y + 2*r, y = -y - 5*r. Suppose 4*t - 7*t + 276 = y. Let g(w) = w**2 - w + 1. What is the remainder when t is divided by g(6)?
30
Suppose -6*d + 110 = -4. Let v(y) = y**2 - 14*y - 2. What is the remainder when v(19) is divided by d?
17
Suppose -11 = -5*y - 1. Let u = y - -2. Suppose 21 = u*x - 123. What is the remainder when x is divided by 13?
10
What is the remainder when 28 is divided by ((-20)/8)/(5/(-24))?
4
Let b(k) = k**3 - 3*k**2 - 5*k - 3. Let m be b(4). Let x = m - -15. What is the remainder when 21 is divided by x?
5
Calculate the remainder when (-978)/(-3) - -4 - 30/(-6) is divided by 14.
13
Suppose 0*d - 3*d + 12 = 0. Let z be (d + -3)*-1 - -3. Suppose -z*j + g = 3*g - 34, -14 = -j + 2*g. Calculate the remainder when 63 is divided by j.
15
Let q(j) = j**2 + j + 36. Let o be q(0). Suppose 4*u = -2*x + 36, -2*u + 2*x + o = 3*u. Calculate the remainder when 14 is divided by u.
6
Suppose 0 = 110*a - 105*a - 765. Calculate the remainder when 493 is divided by a.
34
Suppose 13*w - 14*w + 109 = 0. Let t = w - 97. Calculate the remainder when 58 is divided by t.
10
Let g = 23 - -22. Suppose -2*b - 3*b = -g. Suppose -3*k + 33 = 2*j, -k = 2*k - 3. What is the remainder when j is divided by b?
6
Let u = 16 + -9. Let h(c) = c**3 - 6*c**2 - 8*c - 11. Let w be h(7). Let r = w - -22. What is the remainder when u is divided by r?
3
Let i = -76 - -123. Suppose -19*k - 12 = -22*k. Suppose k*t + 5 = 53. What is the remainder when i is divided by t?
11
Let m(n) = 8*n**2 + 3. Let h be m(6). Suppose 0 = 4*g - h - 281. What is the remainder when g is divided by 36?
35
What is the remainder when 37 is divided by (-6)/8 + (-220)/(-16)?
11
Suppose 0 = -12*o + 120 + 252. Calculate the remainder when 60 is divided by o.
29
Suppose -155*w + 151*w = -1660. Calculate the remainder when w is divided by 38.
35
Let q(m) = -m**2 - m - 1. Let y(g) = -7*g**2 - 15*g - 2. Let i(b) = -6*q(b) + y(b). Calculate the remainder when 94 is